{"id":748,"date":"2022-07-25T20:09:53","date_gmt":"2022-07-25T20:09:53","guid":{"rendered":"http:\/\/ingenieriaintegral.co\/?page_id=748"},"modified":"2022-07-26T16:47:12","modified_gmt":"2022-07-26T16:47:12","slug":"inspeccion-de-lineas-electricas-con-drones","status":"publish","type":"page","link":"https:\/\/ingenieriaintegral.co\/?page_id=748","title":{"rendered":"Inspecci\u00f3n de l\u00edneas el\u00e9ctricas  con drones"},"content":{"rendered":"\t\t<div data-elementor-type=\"wp-page\" data-elementor-id=\"748\" class=\"elementor elementor-748\" data-elementor-settings=\"[]\">\n\t\t\t\t\t\t\t<div class=\"elementor-section-wrap\">\n\t\t\t\t\t\t\t<section data-particle_enable=\"false\" data-particle-mobile-disabled=\"false\" class=\"elementor-section elementor-top-section elementor-element elementor-element-47d1ae66 elementor-section-boxed elementor-section-height-default elementor-section-height-default\" data-id=\"47d1ae66\" data-element_type=\"section\" data-settings=\"{&quot;background_background&quot;:&quot;classic&quot;,&quot;ekit_has_onepagescroll_dot&quot;:&quot;yes&quot;}\">\n\t\t\t\t\t\t\t<div class=\"elementor-background-overlay\"><\/div>\n\t\t\t\t\t\t\t<div class=\"elementor-container elementor-column-gap-default\">\n\t\t\t\t\t<div class=\"elementor-column elementor-col-100 elementor-top-column elementor-element elementor-element-5a69ec0f\" data-id=\"5a69ec0f\" data-element_type=\"column\" data-settings=\"{&quot;background_background&quot;:&quot;classic&quot;}\">\n\t\t\t<div class=\"elementor-widget-wrap elementor-element-populated\">\n\t\t\t\t\t\t\t\t<div class=\"elementor-element elementor-element-0357833 elementor-widget elementor-widget-heading\" data-id=\"0357833\" data-element_type=\"widget\" data-settings=\"{&quot;ekit_we_effect_on&quot;:&quot;none&quot;}\" data-widget_type=\"heading.default\">\n\t\t\t\t<div class=\"elementor-widget-container\">\n\t\t\t<h2 class=\"elementor-heading-title elementor-size-default\">Inspecci\u00f3n de l\u00edneas   el\u00e9ctricas  con drones <\/h2>\t\t<\/div>\n\t\t\t\t<\/div>\n\t\t\t\t\t<\/div>\n\t\t<\/div>\n\t\t\t\t\t\t\t<\/div>\n\t\t<\/section>\n\t\t\t\t<section data-particle_enable=\"false\" data-particle-mobile-disabled=\"false\" class=\"elementor-section elementor-top-section elementor-element elementor-element-df1639d elementor-section-boxed elementor-section-height-default elementor-section-height-default\" data-id=\"df1639d\" data-element_type=\"section\" data-settings=\"{&quot;ekit_has_onepagescroll_dot&quot;:&quot;yes&quot;}\">\n\t\t\t\t\t\t<div class=\"elementor-container elementor-column-gap-default\">\n\t\t\t\t\t<div class=\"elementor-column elementor-col-50 elementor-top-column elementor-element elementor-element-46534d7\" data-id=\"46534d7\" data-element_type=\"column\">\n\t\t\t<div class=\"elementor-widget-wrap elementor-element-populated\">\n\t\t\t\t\t\t\t\t<div class=\"elementor-element elementor-element-fe9d0fe elementor-widget elementor-widget-text-editor\" data-id=\"fe9d0fe\" data-element_type=\"widget\" data-settings=\"{&quot;ekit_we_effect_on&quot;:&quot;none&quot;}\" data-widget_type=\"text-editor.default\">\n\t\t\t\t<div class=\"elementor-widget-container\">\n\t\t\t\t\t\t\t<p>DOMOTICA INTEGRAL <strong>ofrece el servicio de inspecci\u00f3n de l\u00edneas de baja, media y alta tensi\u00f3n mediante el uso de drones de \u00faltima generaci\u00f3n con c\u00e1maras termogr\u00e1fica y c\u00e1maras de alta resoluci\u00f3n para la toma de fotos y videos de las estructuras y la l\u00ednea.<\/strong><\/p><p><strong>Realizamos inspeccionen l\u00edneas el\u00e9ctricas, fabricas, subestaciones, granjas solares, calderas y torres de comunicaci\u00f3n sin interrumpir el funcionamiento normal de los equipos o la empresa obteniendo informaci\u00f3n de mayor calidad con riesgo m\u00ednimo humano<\/strong><\/p><p><strong>\u00a0<\/strong><\/p>\t\t\t\t\t\t<\/div>\n\t\t\t\t<\/div>\n\t\t\t\t<div class=\"elementor-element elementor-element-477f16a elementor-widget elementor-widget-image\" data-id=\"477f16a\" data-element_type=\"widget\" data-settings=\"{&quot;ekit_we_effect_on&quot;:&quot;none&quot;}\" data-widget_type=\"image.default\">\n\t\t\t\t<div class=\"elementor-widget-container\">\n\t\t\t\t\t\t\t\t\t\t\t\t\t\t\t<img width=\"1024\" height=\"684\" src=\"https:\/\/ingenieriaintegral.co\/wp-content\/uploads\/2022\/07\/Diseno-sin-titulo-2022-07-25T160122.725-1024x684.png\" class=\"attachment-large size-large\" alt=\"\" loading=\"lazy\" srcset=\"https:\/\/ingenieriaintegral.co\/wp-content\/uploads\/2022\/07\/Diseno-sin-titulo-2022-07-25T160122.725-1024x684.png 1024w, https:\/\/ingenieriaintegral.co\/wp-content\/uploads\/2022\/07\/Diseno-sin-titulo-2022-07-25T160122.725-300x200.png 300w, https:\/\/ingenieriaintegral.co\/wp-content\/uploads\/2022\/07\/Diseno-sin-titulo-2022-07-25T160122.725-768x513.png 768w, https:\/\/ingenieriaintegral.co\/wp-content\/uploads\/2022\/07\/Diseno-sin-titulo-2022-07-25T160122.725-1536x1026.png 1536w, https:\/\/ingenieriaintegral.co\/wp-content\/uploads\/2022\/07\/Diseno-sin-titulo-2022-07-25T160122.725.png 1920w\" sizes=\"(max-width: 1024px) 100vw, 1024px\" \/>\t\t\t\t\t\t\t\t\t\t\t\t\t\t\t<\/div>\n\t\t\t\t<\/div>\n\t\t\t\t\t<\/div>\n\t\t<\/div>\n\t\t\t\t<div class=\"elementor-column elementor-col-50 elementor-top-column elementor-element elementor-element-2bd80e2\" data-id=\"2bd80e2\" data-element_type=\"column\">\n\t\t\t<div class=\"elementor-widget-wrap elementor-element-populated\">\n\t\t\t\t\t\t\t\t<div class=\"elementor-element elementor-element-7b71873 elementor-widget elementor-widget-image\" data-id=\"7b71873\" data-element_type=\"widget\" data-settings=\"{&quot;ekit_we_effect_on&quot;:&quot;none&quot;}\" data-widget_type=\"image.default\">\n\t\t\t\t<div class=\"elementor-widget-container\">\n\t\t\t\t\t\t\t\t\t\t\t\t\t\t\t<img width=\"1024\" height=\"684\" src=\"https:\/\/ingenieriaintegral.co\/wp-content\/uploads\/2022\/07\/Diseno-sin-titulo-2022-07-25T153555.670-1024x684.png\" class=\"attachment-large size-large\" alt=\"\" loading=\"lazy\" srcset=\"https:\/\/ingenieriaintegral.co\/wp-content\/uploads\/2022\/07\/Diseno-sin-titulo-2022-07-25T153555.670-1024x684.png 1024w, https:\/\/ingenieriaintegral.co\/wp-content\/uploads\/2022\/07\/Diseno-sin-titulo-2022-07-25T153555.670-300x200.png 300w, https:\/\/ingenieriaintegral.co\/wp-content\/uploads\/2022\/07\/Diseno-sin-titulo-2022-07-25T153555.670-768x513.png 768w, https:\/\/ingenieriaintegral.co\/wp-content\/uploads\/2022\/07\/Diseno-sin-titulo-2022-07-25T153555.670-1536x1026.png 1536w, https:\/\/ingenieriaintegral.co\/wp-content\/uploads\/2022\/07\/Diseno-sin-titulo-2022-07-25T153555.670.png 1920w\" sizes=\"(max-width: 1024px) 100vw, 1024px\" \/>\t\t\t\t\t\t\t\t\t\t\t\t\t\t\t<\/div>\n\t\t\t\t<\/div>\n\t\t\t\t\t<\/div>\n\t\t<\/div>\n\t\t\t\t\t\t\t<\/div>\n\t\t<\/section>\n\t\t\t\t\t\t<\/div>\n\t\t\t\t\t<\/div>\n\t\t","protected":false},"excerpt":{"rendered":"<p>Inspecci\u00f3n de l\u00edneas el\u00e9ctricas con drones DOMOTICA INTEGRAL ofrece el servicio de inspecci\u00f3n de l\u00edneas de baja, media y alta tensi\u00f3n mediante el uso de drones de \u00faltima generaci\u00f3n con c\u00e1maras termogr\u00e1fica y c\u00e1maras de alta resoluci\u00f3n para la toma de fotos y videos de las estructuras y la l\u00ednea. Realizamos inspeccionen l\u00edneas el\u00e9ctricas, fabricas, &hellip;<\/p>\n<p class=\"read-more\"> <a class=\"\" href=\"https:\/\/ingenieriaintegral.co\/?page_id=748\"> <span class=\"screen-reader-text\">Inspecci\u00f3n de l\u00edneas el\u00e9ctricas  con drones<\/span> Leer m\u00e1s &raquo;<\/a><\/p>\n","protected":false},"author":1,"featured_media":0,"parent":0,"menu_order":0,"comment_status":"closed","ping_status":"closed","template":"","meta":{"om_disable_all_campaigns":false},"_links":{"self":[{"href":"https:\/\/ingenieriaintegral.co\/index.php?rest_route=\/wp\/v2\/pages\/748"}],"collection":[{"href":"https:\/\/ingenieriaintegral.co\/index.php?rest_route=\/wp\/v2\/pages"}],"about":[{"href":"https:\/\/ingenieriaintegral.co\/index.php?rest_route=\/wp\/v2\/types\/page"}],"author":[{"embeddable":true,"href":"https:\/\/ingenieriaintegral.co\/index.php?rest_route=\/wp\/v2\/users\/1"}],"replies":[{"embeddable":true,"href":"https:\/\/ingenieriaintegral.co\/index.php?rest_route=%2Fwp%2Fv2%2Fcomments&post=748"}],"version-history":[{"count":10,"href":"https:\/\/ingenieriaintegral.co\/index.php?rest_route=\/wp\/v2\/pages\/748\/revisions"}],"predecessor-version":[{"id":895,"href":"https:\/\/ingenieriaintegral.co\/index.php?rest_route=\/wp\/v2\/pages\/748\/revisions\/895"}],"wp:attachment":[{"href":"https:\/\/ingenieriaintegral.co\/index.php?rest_route=%2Fwp%2Fv2%2Fmedia&parent=748"}],"curies":[{"name":"wp","href":"https:\/\/api.w.org\/{rel}","templated":true}]}}